 1 = 4*n. List the prime factors of n.
2, 3
What are the prime factors of (-158)/(-2) + -2*3/6?
2, 3, 13
Suppose -5*z = 5, 2*z + 5 = 2*y - 3*z. Suppose y = -0*n + n - 6. List the prime factors of n.
2, 3
Suppose -2*f + 4*f - 5*s = -50, 5*s + 30 = -2*f. Let a = -38 - f. Let c = a - -25. List the prime factors of c.
7
Suppose -4*m = -2*p - 40, -m + 5*p + 5 = 13. What are the prime factors of m?
2, 3
Let t = 0 + 2. Suppose 0 = 3*g - 5*g + t. List the prime factors of g + -2 + -1 + 13.
11
Suppose -3*q + 0*s + 4*s + 920 = 0, -2*q - 3*s + 602 = 0. What are the prime factors of q?
2, 19
Let w(i) = -i**2 - i - 19. Let h be w(0). Let z = -13 - h. List the prime factors of z.
2, 3
Let m(o) = -2*o + 10. What are the prime factors of m(-10)?
2, 3, 5
Let t be 1 - (0 - -18 - 2). List the prime factors of ((-50)/3)/(10/t).
5
Let i = 70 - 36. What are the prime factors of i?
2, 17
Suppose 0 = d - 2*d + 14. Suppose 5*g - d = -4. Suppose q = g*i + 14, -2*q + 6*q + 3*i - 23 = 0. What are the prime factors of q?
2
Let u(q) = 3*q**3 - 4*q**2 + 4*q + 1. Let i be u(3). Suppose 4*z + 3*n = i, -z + 0*n + 14 = n. What are the prime factors of z?
2
Let p(b) = 5*b - 14. Let q be p(-6). Let r = q - -78. What are the prime factors of r?
2, 17
Let a be 156/(-15) + 4/10. Let x = 1 + 2. What are the prime factors of (a/x)/((-3)/18)?
2, 5
Let p = 220 + -147. Let k = 109 - p. Suppose -k = -u - u. What are the prime factors of u?
2, 3
Suppose 0 = -t + 25 + 14. List the prime factors of t.
3, 13
Let c(m) = -m**2 + 4*m - 4. Let i be c(3). Let o(n) = -10*n**3 + 2*n**2 + n. Let z be o(i). Let l = z + 2. What are the prime factors of l?
13
Let u = 90 - 47. List the prime factors of u.
43
Let u be -48*((-14)/(-6) + -3). Let c = u - 12. List the prime factors of c.
2, 5
Let s(o) be the third derivative of o**6/120 - o**5/60 - o**4/24 + 8*o**3/3 - o**2. Suppose -7*h = -0*h. What are the prime factors of s(h)?
2
Suppose d + 5 = 0, 235 = 2*c - 5*d + 64. Suppose c = 5*x - 72. Let w = x + -15. What are the prime factors of w?
2, 7
Let p(l) = -l**3 - 10*l**2 - 3 - 5*l - 5*l - 4. Let g be p(-9). Let r(x) = 6*x. What are the prime factors of r(g)?
2, 3
Suppose -4*i = 2*l - 776, -l + 2*l - 416 = 5*i. List the prime factors of l.
2, 3, 11
Let j = -179 + 23. Let x = 7 + -2. List the prime factors of (-2)/x - j/15.
2, 5
Let w = 4 + -1. Suppose -4*x + w + 65 = 0. List the prime factors of x.
17
Suppose -25 = -3*j + 4*h + 27, -5*j + 5*h + 85 = 0. List the prime factors of j.
2
Suppose -3*z + 4*z = 0. Suppose -4*y + 123 - 15 = z. List the prime factors of y.
3
Suppose 120 = 3*f + 3*w - 0*w, -3*f - 5*w = -112. List the prime factors of f.
2, 11
Suppose 3*g + 1 = -5, 2*g + 104 = 4*n. Suppose -4*k - j = 2*j - 23, -n = -4*k - 5*j. List the prime factors of k.
5
Let y(x) = 3*x**2 - 7*x + 13. What are the prime factors of y(8)?
149
Let u be 327/(-12) + (-2)/(-8). Let x = 58 - u. Suppose -5*r = 5*t - x, 2*t = -3*r + 11 + 23. What are the prime factors of t?
17
Let w(u) = 10 + 4*u + u**2 + 0*u**2 + 4*u. Let y be w(-7). Suppose -2*v + 4*s = -44, -y*v + 4*s = -2*v - 32. What are the prime factors of v?
2, 3
Let j(q) = 2*q**2 + 2*q - 1. Let b be j(2). Let n = -4 + b. List the prime factors of n.
7
Suppose -3*b = -3*v + b + 103, -47 = -v - 5*b. What are the prime factors of v?
37
Suppose -4*o + 34 = 2*l, -2*l - 3*o + 57 = 3*l. Let t = -93 + 92. Let w = t + l. What are the prime factors of w?
2
Suppose 21 - 321 = -5*i + 5*f, 5*i - 296 = 3*f. List the prime factors of i.
2, 29
Let g(d) = 6*d - 2*d**2 - d**2 + 4*d**2 + 0*d**2 + 9. What are the prime factors of g(-6)?
3
Let r = -3 - -2. Let d = r - -1. List the prime factors of 4*(d - (-1)/2).
2
Let m(f) = f**3 + f**2 + 5*f - 2. Let y be m(3). Let r be (y - -3)/(2/(-4)). What are the prime factors of r/(-10) - 2/5?
2, 5
Let q(y) = y**2 + 5*y + 4. Suppose -a = 3*a + 20. What are the prime factors of q(a)?
2
Let v(w) = -w**3 + 3*w**2 + 3*w + 1. Let f be v(4). Let o(d) = 2*d**2 - 4*d - 4. List the prime factors of o(f).
2, 13
Let q be (-3)/(-1) + 0 - 2. What are the prime factors of 7 + 6*q/(-2)?
2
Let q(p) = p + 6. Let i be q(0). Let m be (i/15)/(1/5). Suppose -4*l + 60 = m*r, -l + 5*l = -5*r + 60. List the prime factors of l.
3, 5
Let y = 78 + -47. List the prime factors of y.
31
Let o = 156 + -98. Let f = o + -39. Suppose 0*h + h - f = -5*b, 3*h = -4*b + 24. List the prime factors of h.
2
Let q be (-4)/8 + 2/4. Suppose q = -c - 19 + 61. What are the prime factors of c?
2, 3, 7
Suppose 2*c - 5 = 15. Let h = 47 - 32. Let x = h - c. List the prime factors of x.
5
List the prime factors of 52 + -1 + 2 + 1.
2, 3
Let b(t) = 14*t + 9. What are the prime factors of b(6)?
3, 31
Let w be (4 - 1)/(21/28). Let k(h) = -h + 3. Let l(m) = -m + 1. Let r(p) = 2*k(p) - 5*l(p). List the prime factors of r(w).
13
Suppose 5*c + 5*g = 115, -g + 0*g = -5. Suppose -u = -2*n + 3, -13 = -2*n - 3*u + 2*u. Suppose c = n*t - t. What are the prime factors of t?
2, 3
Let j(c) = -2*c**2 + c - 2. Let m(z) = -z. Let t(o) = -j(o) - 6*m(o). Let y be t(-3). Suppose 4*i - 3*r - y = -0*i, 5 = 5*r. List the prime factors of i.
2
Let d(n) = 2*n - 1. Let v be d(4). Let k(c) = 2*c + 15. Let h(p) = -p - 8. Let w(x) = 7*h(x) + 4*k(x). List the prime factors of w(v).
11
Let o = -3 - -5. Suppose 3*b = 5*q - 28, -o = -q - b + 2. List the prime factors of q.
5
Let r = 16 - -23. What are the prime factors of r?
3, 13
List the prime factors of ((-15)/2)/15 - (-1394)/4.
2, 3, 29
Let r = -13 + 15. List the prime factors of -2*(r - 92/8).
19
List the prime factors of 9/((-1)/(-3 - -2)).
3
Suppose -3*q + 1 - 263 = -2*k, 2*k - 4*q = 258. What are the prime factors of k?
137
Let d(o) = -3*o + 2*o + 6 - 2*o - 3. List the prime factors of d(-4).
3, 5
Let s = 15 - 11. Suppose 3 = -3*f, -3*f + 1 + s = 2*t. List the prime factors of t.
2
Let t(c) be the first derivative of -c**4/4 - 5*c**3/3 - 8*c + 1. What are the prime factors of t(-6)?
2, 7
Let c(g) = g**3 + g**2 + g + 1. Let j(b) = 5*b**3 + 4*b + 4. Let s = -3 - -2. Let y(a) = s*j(a) + 4*c(a). List the prime factors of y(3).
3
Let c = 101 - 43. List the prime factors of c.
2, 29
Let y(c) = c**2 - c - 1. Let n be y(3). Let h be 27/5 - 2/n. Suppose 0*f - l - 29 = -4*f, -h*l = -3*f + 9. What are the prime factors of f?
2
Suppose 5*o = 3*o - 4*u + 60, -3*u - 65 = -4*o. What are the prime factors of o?
2, 5
Suppose -f + 3*i = -32 - 1, -8 = -2*i. Let y = 76 - f. List the prime factors of y.
31
Let u = -15 + 18. List the prime factors of u.
3
Suppose 0 = -j - 3 + 5. Suppose h + j*h = 96. List the prime factors of h.
2
Let b be -7 + 3 + 9 - 0. Suppose -170 = -3*j + 3*p - 11, -4*j = b*p - 239. List the prime factors of j.
2, 7
Let u(j) = 3*j**2 - j + 1. Let i be u(1). Suppose -i*v + 49 = -32. List the prime factors of v.
3
Let n = 7 - 8. Let t(d) = 15*d**2 - 2*d - 1. List the prime factors of t(n).
2
Let n = -82 + 220. What are the prime factors of n?
2, 3, 23
Let m(b) = -b - 5. Let p be m(9). Let v(l) = -l**2 - 16*l + 5. List the prime factors of v(p).
3, 11
Let n(b) = b**2 + 9*b + 8. Let y be n(-8). Let v(a) = -a**2 + a + 35. What are the prime factors of v(y)?
5, 7
Let j = -18 - -87. What are the prime factors of j?
3, 23
Suppose -5*p - 190 = -3*x, -4*x - 326 = -9*x - p. List the prime factors of x.
5, 13
Let d be 102/(-4) - (-1)/2. Let r = -14 - d. What are the prime factors of r?
11
Let o = 221 + -145. Let i = o + -46. List the prime factors of i.
2, 3, 5
Let c = 10 + -11. Let t(v) = 3*v + 2. Let h be t(4). Let i = c + h. List the prime factors of i.
13
Suppose 3*f + f + 64 = 0. Let q = f + 49. What are the prime factors of q?
3, 11
Suppose 4*j - 61 = 843. What are the prime factors of j?
2, 113
Let q = -2 - -5. Suppose -2*t = q*t. Suppose 0 = -2*b + 8 - t. What are the prime factors of b?
2
Let x(n) = n**2 + 8*n + 8. Let i be x(-6). Let v(t) = -t**3 - 3*t**2 + 2*t - 1. List the prime factors of v(i).
7
Let q(o) = -2 + o**2 - 6*o - 2 + 8. Let v(l) = l + 1. Let g be v(5). List the prime factors of q(g).
2
Let d be 5/2*(-2 - 0). Let f be (-196)/(-5) - (-1)/d. Let y = -20 + f. What are the prime factors of y?
19
Let h(j) be the second derivative of j**3/2 - 7*j**2/2 + j. Let t = 5 - -1. What are the prime factors of h(t)?
11
Let b(h) = h**2 + 2*h + 1. What are the prime fact